pose w + 42 = d*h, -4*h + 101 + 11 = 5*w. Calculate the remainder when h is divided by 12.
11
What is the remainder when (-63)/(-2) - (-2)/4 is divided by 17?
15
Suppose 3*z - 2*w - 54 = 5*z, -2*w = -5*z - 107. Let c = z + 34. What is the remainder when 21 is divided by c?
10
Let m(j) = -j**2 - 12*j - 5. What is the remainder when m(-8) is divided by 3?
0
Let g(u) = u**3 + 9*u**2 - 9*u + 11. Let h be g(-10). Let v = 6 - h. What is the remainder when v is divided by 2?
1
Let j = 9 - 14. Let s = -1 - j. What is the remainder when s is divided by 3?
1
Suppose 2*s + 4 = -0*s. Let y = s + 6. Let a(g) = -7*g**3 + 2*g + 1. What is the remainder when a(-1) is divided by y?
2
Let p(c) = c**2 - 4*c + 4. Let r be p(7). Suppose w = -3*s + r, w - 6*s - 1 = -3*s. What is the remainder when w is divided by 7?
6
Suppose -2*m + 12 = -46. Calculate the remainder when 115 is divided by m.
28
Suppose -5*b - 3*s + 210 + 8 = 0, 0 = 4*s - 4. Suppose -w + 5*d = w - b, 4*d + 99 = 5*w. Calculate the remainder when 1 - (-55 + -1 + 2) is divided by w.
17
Suppose 191 = 5*k + 3*v + 37, -4*k + 113 = -v. What is the remainder when k is divided by 18?
11
Let j(b) = b**3 + 6*b**2 - 7*b + 7. Let a(h) = -h + 7. Calculate the remainder when j(-7) is divided by a(5).
1
Suppose 0*n - 4*n = -4*v + 248, -2*v + 128 = -3*n. What is the remainder when v is divided by 12 - (-4 + 3)*(0 - 2)?
8
Let l(p) = p**2 - 10*p - 11. Let k be l(8). Let n = k + 44. Suppose -128 = -3*z - z. Calculate the remainder when z is divided by n.
15
Let n(t) = -t**3 - 5*t**2 + 3*t + 5. Let q be n(-5). Let o = 23 + q. Calculate the remainder when 51 is divided by o.
12
Suppose b = 3*z - z - 1, 5 = 5*z. Let g = -7 + 4. What is the remainder when (-3 + b - g)/1 is divided by 1?
0
Let o = 6 - 4. What is the remainder when 4 is divided by o?
0
Suppose p + 76 = 3*p. Let h(w) = w**3 - 6*w**2 - 7*w + 13. Calculate the remainder when p is divided by h(7).
12
Let h = 8 + -5. Suppose 0 = -2*z + 2, h*p = p + 4*z + 14. Calculate the remainder when 26 is divided by p.
8
Suppose -a = -r - 0*a + 7, -r = 3*a + 13. Let h = 5 - r. Suppose -5 = -h*b + 49. What is the remainder when b is divided by 10?
8
Suppose -4*n = -7*n + 702. Calculate the remainder when 17 is divided by (-2)/(-8) - n/(-24).
7
Suppose 58 + 42 = 5*a. Suppose 2*j + 4*n - a = -0*j, 3*n - 17 = -2*j. Suppose -4*v + 20 = -j. Calculate the remainder when 11 is divided by v.
5
Suppose -4*x - 26 = -2*q, 2*q - 3*x - 23 = -0*q. Suppose 6*r - 7*r = -18. What is the remainder when r is divided by q?
4
Suppose -p = 4, 3*p + 80 = 5*v + 23. What is the remainder when 15 is divided by v?
6
Let q(r) = r**3 + 6*r**2 - 4*r - 8. What is the remainder when 29 is divided by q(-6)?
13
Suppose 6*v + 75 = 2*i + v, -3*i = -5*v - 120. What is the remainder when i is divided by 68/3 + 1/3?
22
Suppose -3*m - m = -304. Calculate the remainder when m is divided by 39.
37
Calculate the remainder when ((-2)/5)/(4/(-480)) is divided by 17.
14
Suppose -224 + 68 = -13*s. Suppose -136 = -0*q - 4*q. What is the remainder when q is divided by s?
10
Let r = -5 - -26. Calculate the remainder when 59 is divided by r.
17
Suppose -5*j = -2*v + 1, -v = -4*j + 1 - 0. Suppose -v*g + 4 = -11. Suppose 0 = g*c + 4 - 49. What is the remainder when 25 is divided by c?
7
Let x(b) = b + 9. Let n be x(-8). What is the remainder when 3 + -1 + (n - -38) is divided by 14?
13
Let a be (-48)/(-30)*10/4. Suppose 2*t + 46 = a*t. What is the remainder when t is divided by 12?
11
Suppose -6*o + 2*h - 2 = -2*o, -4*h = -3*o - 14. Suppose 2*t - 30 = 4*g, 23 = t - 4*g - o. What is the remainder when 9 is divided by t?
4
Suppose -3*n + 12 = -2*t + 2*n, 4*t + 3*n - 28 = 0. Calculate the remainder when 14 is divided by t.
2
Let q be -6*2/(-4) - 1. Let g be -3 + q + 56/2. Let r = 47 - g. What is the remainder when 58 is divided by r?
18
Suppose -3*r - 5 = -c, 3 + 9 = 4*c - 4*r. Suppose 3*n = -n - 2*l, -20 = -c*n + 4*l. What is the remainder when 4 is divided by (-1 + 2)/(n/4)?
0
Suppose 10*x - 5*x - 185 = 0. Let y(i) = i**3 - 5*i**2 + 8. Calculate the remainder when x is divided by y(5).
5
Let m(h) = 2*h**2 - 3*h - 7. Let z be m(-3). Suppose -5*i + z = t, -19 = -5*t + 3*i - i. Calculate the remainder when 13 is divided by t.
3
Suppose 5 = t - 3*n, -2*n + 5 = t - 10. Let h = t + -2. Calculate the remainder when h is divided by 5.
4
Let j(k) be the second derivative of -k**3/6 + k**2/2 + k. Let x(h) = h + 1. Let b(w) = -j(w) - 3*x(w). What is the remainder when 40 is divided by b(-9)?
12
Let n(g) = -g**2 - 15*g - 17. Calculate the remainder when 69 is divided by n(-12).
12
Suppose 5*l - 2*l + 24 = 0. Let z = l + 13. Calculate the remainder when 14 is divided by z.
4
Let s(v) = -3*v + 5. Calculate the remainder when s(-6) is divided by (-3 + 63/6)*16/20.
5
Let p = 42 + -30. Suppose 4*i - p = 2*i. Suppose -3*s - 9 = -57. Calculate the remainder when s is divided by i.
4
What is the remainder when 40 is divided by (0 - 1)/((-11)/154)?
12
Suppose -18 - 4 = -2*a. Let w be (0 - -1)/(1/6). Let c = 0 + w. What is the remainder when a is divided by c?
5
Suppose -2*c = -0 - 44. What is the remainder when 64 is divided by c?
20
Suppose q - y - y - 6 = 0, -9 = -3*q + 3*y. Suppose 0 = -q*i - 4*i - 32. Let k = i - -42. Calculate the remainder when k is divided by 18.
16
Suppose 4*u = 5*r - 44, -4*r + 19 = u - 33. Calculate the remainder when 34 is divided by r.
10
What is the remainder when 141 is divided by (-7)/(-14) + (-142)/(-4)?
33
Suppose 3*y - n + 5 = 0, y + 5*n = -3*y - 13. Let g(c) = -5*c - 4. Calculate the remainder when (-3 + y)*(-5 - 1) is divided by g(-4).
14
Let x(w) = w + 5. Let m be x(-3). Suppose h + m = 5. What is the remainder when 7 is divided by h?
1
Let c be ((-30)/(-50))/((-2)/(-190)). Suppose -5*o + 2*o = -c. Calculate the remainder when o is divided by 7.
5
Suppose -6*i + i = 3*b - 22, -4*i - 2*b + 18 = 0. Suppose 3*v = -i + 110. Calculate the remainder when v is divided by 19.
16
Suppose -3*z + 2*z + 4*r = -18, z - 24 = 2*r. What is the remainder when 87 is divided by z?
27
Suppose 5*f - 37 = 3*c - 7*c, c = -2*f + 10. What is the remainder when 21 is divided by c?
5
Suppose -o = -9 + 1. Calculate the remainder when (3 + o - -2) + 1 is divided by 4.
2
Calculate the remainder when (10/(-20))/((-2)/212) is divided by 18.
17
Suppose -x + 5*g + 18 + 3 = 0, -2*x + g = -24. Let h(l) = -15*l + 1. Calculate the remainder when h(-2) is divided by x.
9
Let b be (-12)/(-5) + 4/(-10). Suppose 5*a = 15, d - b*a - 47 = -0*a. Calculate the remainder when d is divided by 27.
26
Suppose 5*n - 351 = -4*n. What is the remainder when n is divided by 10?
9
Let k(g) = -g - 5. Let s be k(-7). Suppose -s*t - 50 = -7*t. Calculate the remainder when 29 is divided by t/(-4)*(-3 - 1).
9
Suppose 3*f - 6*g = -g + 89, 0 = -4*f + 4*g + 116. What is the remainder when f is divided by 10?
8
Suppose -4*c = -4*z - 3*c + 377, -3*z = 4*c - 278. Suppose 0 = 5*m + 14 - z. Calculate the remainder when 62 is divided by m.
14
Let b(f) = -3*f - 9. What is the remainder when ((-4)/(-12))/(4/564) is divided by b(-7)?
11
Let i = 33 - 19. Let q = 48 - 48. Suppose q*s + i = s. What is the remainder when s is divided by 5?
4
Let l be (4/(-6))/(8/(-24)). Suppose -y = -3*w + 194, 5*w - l*y - 330 = 3*y. What is the remainder when w is divided by 22?
20
Suppose -4 = -x + 3. What is the remainder when 25 is divided by x?
4
Let o(p) = p**3 - p**2 - p + 23. Suppose 0 = 3*n - 16 + 1. Suppose -b - 1 = 5*z, n - 3 = -3*z - 2*b. Calculate the remainder when o(z) is divided by 12.
11
Let q be ((-8)/(-12))/(4/18). Let i(b) = 4*b - 4. What is the remainder when 13 is divided by i(q)?
5
Let d = 140 - 137. Calculate the remainder when 33*-1*(-1)/3 is divided by d.
2
Suppose -x - 12 = 3. Let u = 51 + x. Calculate the remainder when u is divided by 13.
10
Calculate the remainder when ((-13)/(-3))/((-2)/(-6)) is divided by 7.
6
Let t be (10/(-3))/(1/9). Let z = t + 56. What is the remainder when z is divided by 9?
8
Suppose k - 4 = -0. Suppose -k*y - 2*u = -30, -5*y - u = -y - 25. Let d(f) = 2*f**2 - 4*f + 2. Calculate the remainder when y is divided by d(2).
1
Let a(i) be the third derivative of -i**4/8 - i**3/2 - i**2. What is the remainder when 45 is divided by a(-5)?
9
Suppose -2*a 